y 13.
3
Let q(a) = -a**2 + 11*a - 13. Let n(g) = -g**2 + 8*g - 6. Let b be n(5). Let x be q(b). Calculate the remainder when 5 + 95 + (x - 2) is divided by 26.
25
Suppose -34*c + 36*c = 20*r - 20450, -2*c - 4082 = -4*r. What is the remainder when r is divided by 49?
43
Let t(l) = -l**2 - 5*l + 16. Let b be t(-7). Let h(k) = 2*k**2 - 2. Let w be h(b). Suppose -736 = -2*u - w*u. What is the remainder when u is divided by 47?
45
Let y = -9419 - -9431. What is the remainder when 99 is divided by y?
3
Suppose -205*l = -213*l + 264. Calculate the remainder when 195 is divided by l.
30
Suppose 2*z = 6*z + 4*x - 104, 62 = 3*z - 5*x. Let h = -352 + 612. Calculate the remainder when h is divided by z.
20
Let n = -11487 + 11551. Suppose l - 38 = 4*u, -5*l - u = u - 234. What is the remainder when n is divided by l?
18
Suppose -4*o - 586 = -2*c, 5*c = o - 4*o + 1491. Let q = -287 + c. Calculate the remainder when 73 is divided by q.
3
Let k(h) = -h**2 - 8*h - 15. Let i be k(-5). Let m(q) = 2*q**3 - 2*q**2 + 19. Let o(t) = -t**2 - 7*t - 5. What is the remainder when m(i) is divided by o(-4)?
5
Let x = 260 + -263. What is the remainder when 75 is divided by x - -1 - 5*1110/(-75)?
3
Suppose 10 = -2*s, -3*s + 0*s = -2*f + 15. Suppose -h + f*h + 102 = 0. Calculate the remainder when h is divided by 36.
30
Let x = 6974 + -6933. What is the remainder when 2950 is divided by x?
39
Let w = 2395 - 1949. Calculate the remainder when w is divided by 56.
54
Suppose -7*r - 24 = -11*r. Let a be (-2)/r*(21 - 8)*3. Let m = 10 - a. What is the remainder when 90 is divided by m?
21
Let i(k) = -2*k - 1. Let v(x) = 50*x - 89. Let z(b) = 4*i(b) + v(b). What is the remainder when z(4) is divided by 6?
3
Let q = -2594 - -2603. Calculate the remainder when 1310 is divided by q.
5
Suppose 6*n - 3*i = 7*n + 725, 4*n - 3*i + 2960 = 0. Suppose 37 = -3*f + 103. Calculate the remainder when 96 is divided by 2/(-4) - n/f.
30
Let k = -129 + 345. Let o = k - 192. Calculate the remainder when o is divided by 10.
4
Let y = -5738 + 7463. Calculate the remainder when y is divided by 87.
72
What is the remainder when ((-423)/(-2))/(1/2) is divided by (224/(-36))/(-17 + 16) + 2/(-9)?
3
Let o(p) = 85*p + 1485. What is the remainder when o(-11) is divided by 92?
90
Suppose 0 = -115*x + 2805 + 3317 + 318. What is the remainder when 12934 is divided by x?
54
Suppose 5*r + 5*d = 2192 + 4998, 0 = 2*d - 2. Calculate the remainder when r is divided by 26.
7
Let d = 12038 - 10738. Calculate the remainder when 1303 is divided by d.
3
Let z be 1/3*18 + (0 - 1). Let t(v) = 9 + 6 + 9*v**2 + z*v**2 - v + v**3 - 3*v**2. Calculate the remainder when 101 is divided by t(-11).
23
Let d(t) = -9*t - 5. Let k be d(4). Let u be ((-33)/12)/(10/(-120)). Let c = u - k. What is the remainder when c is divided by 15?
14
Let x(d) = -d**2 - 8*d + 2. Let g be x(-8). Calculate the remainder when 85 is divided by (0 + (-1)/g)/(6/(-264)).
19
Let k = -51 + 50. Let h(v) = -99*v**3 + 2*v**2 + 3*v + 1. Suppose -9 = z - 26. Calculate the remainder when h(k) is divided by z.
14
Let s = 128 + -128. Suppose -7*c + 1006 + 1059 = s. Calculate the remainder when c is divided by 74.
73
Let j = -262 - -328. Suppose -4*p - b = -215, 0 = 5*p + j*b - 68*b - 259. What is the remainder when 104 is divided by p?
51
Suppose 24*j - 25*j + 105 = 3*y, 0 = -4*j - 3*y + 375. Calculate the remainder when 135 is divided by j.
45
Let o = 1362 - 1297. What is the remainder when 1299 is divided by o?
64
Let s(j) = j**3 + 10*j**2 + 17*j + 15. What is the remainder when 812 is divided by s(-5)?
42
Let j(c) = 11*c**2 + 28*c + 42. What is the remainder when j(-6) is divided by 2?
0
Let q(n) = -n**2 + 16*n + 181. Let h(j) = -j**3 + 6*j**2 + 5*j - 6. What is the remainder when h(3) is divided by q(-7)?
16
Let f = 12955 + -10457. What is the remainder when f is divided by 1249?
0
Suppose -5*h = z - 28, -2*h + 6*h = 20. Suppose -2*l + z = -7. Suppose -l*u + 22 = j - 91, -2*j + 3*u = -174. What is the remainder when j is divided by 24?
21
Suppose 86 + 48 = -2*s. Let d = -39 - s. Suppose -66 - 334 = -5*g. Calculate the remainder when g is divided by d.
24
Suppose -10*a = h - 15*a - 82, 151 = 3*h + 4*a. Suppose 203 = -v + 311. What is the remainder when v is divided by h?
51
Suppose 11*o - 67*o + 53663 = 47*o. Calculate the remainder when o is divided by 74.
3
What is the remainder when -2 + (880 - 5 - 0*(-2 + 1)) is divided by 111?
96
Suppose 3*x + 27 = 4*w, 4*w - 19 = 5*x - 10*x. Let o(r) = -53*r + 3. What is the remainder when o(-1) is divided by w?
2
Let h = 51 + 17. Let d = 894 + -859. Suppose 445*b - 440*b = -z + 35, 0 = z + b - d. Calculate the remainder when h is divided by z.
33
Let q(y) = y**3 + 12*y**2 - 15*y - 4. Let h be q(-13). Let x = h + -24. Calculate the remainder when 67 is divided by x/9*-6*(-441)/(-42).
11
Let g(o) = 37*o**2 + 1084*o + 1085. Calculate the remainder when 411 is divided by g(-1).
31
Suppose -35 = j - 110. Calculate the remainder when 51 is divided by (100/j)/(2/42).
23
Let v(y) = 4 + 13 - 4*y**3 - y + 14*y**2 + 3*y**3 + 2. Suppose -4*a + 102 = 74. What is the remainder when a is divided by v(14)?
2
Let b = -13862 - -14687. Calculate the remainder when 834 is divided by b.
9
Let p = 205 + -82. Let u = p - 120. What is the remainder when u is divided by 2?
1
Let m(o) = 7*o**2 - 4*o - 24. Let a be m(-8). Suppose 4*t + a = 16*t. Calculate the remainder when 2*37*(-18)/(-12) is divided by t.
35
Suppose m + 26*s - 195 = 22*s, s = 2*m - 408. What is the remainder when m is divided by 9?
5
Suppose 47 = 2*w - 0*y + 5*y, 2*w = -3*y + 57. Suppose 361 = 2*f - 57. Let l = f + -67. Calculate the remainder when l is divided by w.
34
Calculate the remainder when 479 is divided by ((4/(-14))/((-21)/49))/(6/639).
53
Let c = 1725 + -1674. Calculate the remainder when 90 is divided by c.
39
Suppose 0 = -406*w + 402*w + 12. What is the remainder when 354 is divided by ((-42)/(-8) - w)*68/3?
48
Let g(p) = -18*p + 675. Suppose -v + 5*v - 16 = 0. Suppose 0*s - s - v*o = -56, -3*s - 3*o = -141. Calculate the remainder when s is divided by g(37).
8
Let b be (-13)/13*(-2 - -1) + -33. Let m = b + 42. Calculate the remainder when 37 is divided by m.
7
Let b(v) = v**3 + 12*v**2 - 29*v + 7. Let u be b(-14). Suppose -u*d + 63 = -18*d. Calculate the remainder when 52 is divided by d.
10
Let t be (-6 - (-3 - 2))*-2. Suppose -5*i + 324 = t*u, -11 + 2 = 3*u. Calculate the remainder when i is divided by 25.
16
Suppose -67*d = -51*d - 1024. What is the remainder when 367 is divided by d?
47
What is the remainder when (1/(-2))/((-748)/1430176) is divided by 327?
302
Suppose 142*k = 436*k - 25578. Suppose -180 = -4*b + f, 0 = 2*b - 0*b + 3*f - 76. Calculate the remainder when k is divided by b.
43
Suppose 172082 + 4510 = 80*p - 2*p. What is the remainder when p is divided by 28?
24
Let n = 31 - -40. Suppose 3*p - 2*p = -3*c + n, 0 = -c + 4*p + 2. Let k = -4639 - -4703. Calculate the remainder when k is divided by c.
20
Suppose 4*i = 99 - 119, 4*f = i + 717. What is the remainder when f is divided by 8?
2
Suppose -81 = -5*v - 256. What is the remainder when 3/5 + (-1974)/v is divided by 30*2/(((-120)/(-108))/(2/9))?
9
Suppose i = 11 + 18. Suppose -12 + i = u. Calculate the remainder when 50 is divided by u.
16
What is the remainder when 313 is divided by 4/(-4)*(-140 - -61)?
76
Calculate the remainder when 4244 is divided by (-600)/(-16)*(-52)/(-78).
19
Let l(h) = 15*h**2 + 58*h - 325. Calculate the remainder when 1370 is divided by l(5).
10
Let y(a) = -a**3 + 21*a**2 - 29*a + 72. Calculate the remainder when y(12) is divided by 122.
44
What is the remainder when 957/9 - 48/36 is divided by 41?
23
Let y = -433 - -2373. Suppose -y = -3*s - 7*s. Suppose -4*b + 0*b = -v - 157, s = 5*b + v. Calculate the remainder when b is divided by 21.
18
Suppose 3*k - 6*k = -156. Let u = -25687 + 25707. Calculate the remainder when k is divided by u.
12
Let d be (-333 + -1 + 0)*-2. Suppose -f = -n - 167, 4*f = 16*n - 17*n + d. What is the remainder when f is divided by 42?
41
Let c(o) = -o**3 - 2*o**2 - 97*o + 44. Calculate the remainder when c(0) is divided by 28.
16
Let s be (-3*(-3 - -4) - -1) + 29. Let r be (s/(-18))/(6/4). Calculate the remainder when -4 + 5 + r + 144 is divided